{"id":3679,"date":"2017-11-08T01:34:05","date_gmt":"2017-11-08T01:34:05","guid":{"rendered":"http:\/\/ontyche.net\/clientes\/backuppesca\/?page_id=3679"},"modified":"2017-11-08T01:36:35","modified_gmt":"2017-11-08T01:36:35","slug":"nota-legal","status":"publish","type":"page","link":"https:\/\/ontyche.net\/clientes\/backuppesca\/nota-legal\/","title":{"rendered":"Nota Legal"},"content":{"rendered":"<h2 class=\"estilo-tit1\" style=\"text-align: justify;\">Datos identificativos<\/h2>\n<p style=\"text-align: justify;\">En cumplimiento con el deber de informaci\u00f3n recogido en art\u00edculo 10 de la Ley 34\/2002, de 11 de julio, de Servicios de la Sociedad de la Informaci\u00f3n y del Comercio Electr\u00f3nico,le informamos:<\/p>\n<ul>\n<li style=\"text-align: justify;\"><span style=\"color: #be2a73;\"><span style=\"color: #3366ff;\"><em><strong>VICTOR CID ARAUJO<\/strong><\/em><\/span>\u00a0<\/span>(en adelante, <span style=\"color: #3366ff;\"><strong>PESCA RIAS BAIXAS<\/strong><\/span>) es una empresa dedicada a la venta de\u00a0Materiales para la pesca.<\/li>\n<li style=\"text-align: justify;\"><span style=\"color: #3366ff;\"><strong>PESCA RIAS BAIXAS<\/strong><\/span> con NIF 34999383F, est\u00e1\u00a0domiciliada a los efectos de la presente informaci\u00f3n en la Carretera de Camposancos N\u00ba 165 Bajo, 36330 Vigo Pontevedra, y es en la actualidad la encargada de la explotaci\u00f3n, gesti\u00f3n y funcionamiento del sitio web www.pescariasbaixas.com.<\/li>\n<\/ul>\n<h2 class=\"estilo-tit1\" style=\"text-align: justify;\">Usuarios<\/h2>\n<p style=\"text-align: justify;\">El acceso y\/o uso de este portal atribuye la condici\u00f3n de USUARIO, que acepta, desde dicho acceso y\/o uso, las Condiciones Generales de Uso aqu\u00ed reflejadas. Las citadas Condiciones ser\u00e1n de aplicaci\u00f3n independientemente de las Condiciones Generales de Contrataci\u00f3n que en su caso resulten de obligado cumplimiento.<\/p>\n<h2 class=\"estilo-tit1\" style=\"text-align: justify;\">Uso del portal<\/h2>\n<p style=\"text-align: justify;\">www.pescariasbaixas.com proporciona el acceso a multitud de productos, informaciones, servicios o datos (en adelante, \u00ablos contenidos\u00bb) en Internet pertenecientes a <span style=\"color: #3366ff;\"><strong>PESCA RIAS BAIXAS<\/strong><\/span>, o a terceros a los que el USUARIO puede tener acceso. El USUARIO asume la responsabilidad del uso del portal. Dicha responsabilidad se extiende al registro que fuese necesario para acceder a determinados servicios o contenidos. En dicho registro el USUARIO ser\u00e1 responsable de aportar informaci\u00f3n veraz y l\u00edcita. Como consecuencia de este registro, al USUARIO se le puede proporcionar una contrase\u00f1a de la que ser\u00e1 responsable, comprometi\u00e9ndose a hacer un uso diligente y confidencial de la misma. El USUARIO se compromete a hacer un uso adecuado de los contenidos y servicios que <span style=\"color: #3366ff;\"><strong>PESCA RIAS BAIXAS<\/strong><\/span>\u00a0ofrece a trav\u00e9s de su portal y con car\u00e1cter enunciativo pero no limitativo, a no emplearlos para:<\/p>\n<ul style=\"text-align: justify;\">\n<li>Incurrir en actividades il\u00edcitas, ilegales o contrarias a la buena fe y al orden p\u00fablico.<\/li>\n<li>Difundir contenidos o propaganda de car\u00e1cter racista, xen\u00f3fobo, pornogr\u00e1fico ilegal, de apolog\u00eda del terrorismo o atentatorio contra los derechos humanos.<\/li>\n<li>Provocar da\u00f1os en los sistemas f\u00edsicos y l\u00f3gicos de <span style=\"color: #3366ff;\"><strong>PESCA RIAS BAIXAS<\/strong><\/span>, de sus proveedores o de terceras personas, introducir o difundir en la red virus inform\u00e1ticos o cualesquiera otros sistemas f\u00edsicos o l\u00f3gicos que sean susceptibles de provocar los da\u00f1os anteriormente mencionados;<\/li>\n<li>Intentar acceder y, en su caso, utilizar las cuentas de correo electr\u00f3nico de otros usuarios y modificar o manipular sus mensajes.<\/li>\n<\/ul>\n<p style=\"text-align: justify;\"><strong>PESCA RIAS BAIXAS<\/strong> se reserva el derecho de retirar todos aquellos comentarios y aportaciones que vulneren el respeto a la dignidad de la persona, que sean discriminatorios, xen\u00f3fobos, racistas, pornogr\u00e1ficos, que atenten contra la juventud o la infancia, el orden o la seguridad p\u00fablica o que, a su juicio, no resultaran adecuados para su publicaci\u00f3n. En cualquier caso, <span style=\"color: #3366ff;\"><strong>PESCA RIAS BAIXAS<\/strong><\/span>\u00a0no ser\u00e1 responsable, dentro de los l\u00edmites marcados por la ley, de las opiniones vertidas por los usuarios en su web a trav\u00e9s de cualquier herramienta de participaci\u00f3n.<\/p>\n<h2 class=\"estilo-tit1\" style=\"text-align: justify;\">Propiedad Intelectual e Industrial<\/h2>\n<ol style=\"text-align: justify;\">\n<li>Todos los signos distintivos, marcas, nombres comerciales, contenidos, estructura, dise\u00f1o y forma de presentaci\u00f3n de los elementos y cualquier otra informaci\u00f3n que aparezca en este sitio Web son propiedad de <span style=\"color: #3366ff;\"><strong>PESCA RIAS BAIXAS<\/strong><\/span>\u00a0por s\u00ed o como cesionaria y est\u00e1n protegidos por los derechos de propiedad industrial e intelectual.<\/li>\n<li>El usuario tiene prohibida la reproducci\u00f3n, transformaci\u00f3n, distribuci\u00f3n, comunicaci\u00f3n p\u00fablica y, en general cualquier otra forma de explotaci\u00f3n de los elementos referidos en el apartado anterior sin autorizaci\u00f3n expresa de <span style=\"color: #3366ff;\"><strong>PESCA RIAS BAIXAS<\/strong>.<\/span><\/li>\n<li>El usuario se abstendr\u00e1 de emplear medios que puedan suprimir, alterar, eludir o manipular cualesquiera dispositivos de protecci\u00f3n o sistemas de seguridad que puedan estar instalados y que comporten un riesgo o da\u00f1o o inutilizaci\u00f3n del sitio Web y\/o sus contenidos.<\/li>\n<li><strong><span style=\"color: #3366ff;\">PESCA RIAS BAIXAS<\/span>\u00a0<\/strong>no se responsabiliza del posible uso inapropiado que terceros realicen de esta p\u00e1gina Web, ni de la informaci\u00f3n que a trav\u00e9s de ella transmitan a terceros. El uso de los contenidos que pueda hacer el usuario y las eventuales consecuencias, da\u00f1os o perjuicios que pudiesen derivarse, son de la exclusiva responsabilidad del usuario. <span style=\"color: #3366ff;\"><strong>PESCA RIAS BAIXAS<\/strong><\/span>\u00a0se excluye por los da\u00f1os y perjuicios de toda naturaleza causados a los usuarios por el uso de enlaces (links), directorios y herramientas de b\u00fasqueda, que permiten a los usuarios acceder a sitios Web pertenecientes y\/o gestionados por terceros as\u00ed como de la presencia de virus u otros c\u00f3digos maliciosos en los contenidos que puedan producir cualquier tipo de da\u00f1os en el sistema inform\u00e1tico, documentos electr\u00f3nicos o ficheros de los usuarios. <span style=\"color: #3366ff;\"><strong>PESCA RIAS BAIXAS<\/strong><\/span>\u00a0se reserva el derecho de ejercitar las acciones legales que considere oportunas derivadas de cualesquiera usos il\u00edcitos por parte de terceros de los contenidos de su p\u00e1gina web.<\/li>\n<\/ol>\n<h2 class=\"estilo-tit1\" style=\"text-align: justify;\">Exclusi\u00f3n de garant\u00edas y responsabilidad<\/h2>\n<p style=\"text-align: justify;\"><span style=\"color: #3366ff;\"><strong>PESCA RIAS BAIXAS<\/strong><\/span> no se hace responsable, en ning\u00fan caso, de los da\u00f1os y perjuicios de cualquier naturaleza que pudieran ocasionar, a t\u00edtulo enunciativo: errores u omisiones en los contenidos, falta de disponibilidad del portal o la transmisi\u00f3n de virus o programas maliciosos o lesivos en los contenidos, a pesar de haber adoptado todas las medidas tecnol\u00f3gicas necesarias para evitarlo.<\/p>\n<h2 class=\"estilo-tit1\" style=\"text-align: justify;\">Modificaciones<\/h2>\n<p style=\"text-align: justify;\"><span style=\"color: #3366ff;\"><strong>PESCA RIAS BAIXAS<\/strong> <\/span>se reserva el derecho de efectuar sin previo aviso las modificaciones que considere oportunas en su portal, pudiendo cambiar, suprimir o a\u00f1adir tanto los contenidos y servicios que se presten a trav\u00e9s de la misma como la forma en la que \u00e9stos aparezcan presentados o localizados en su portal.<\/p>\n<h2 class=\"estilo-tit1\" style=\"text-align: justify;\">Enlaces<\/h2>\n<p style=\"text-align: justify;\">En el caso de que en nombre del dominio se dispusiesen enlaces o hiperv\u00ednculos hac\u00eda otros sitios de Internet, <span style=\"color: #3366ff;\"><strong>PESCA RIAS BAIXAS<\/strong><\/span>\u00a0no ejercer\u00e1 ning\u00fan tipo de control sobre dichos sitios y contenidos. En ning\u00fan caso <span style=\"color: #3366ff;\"><strong>PESCA RIAS BAIXAS<\/strong><\/span>\u00a0asumir\u00e1 responsabilidad alguna por los contenidos de alg\u00fan enlace perteneciente a un sitio web ajeno, ni garantizar\u00e1 la disponibilidad t\u00e9cnica, calidad, fiabilidad, exactitud, amplitud, veracidad, validez y constitucionalidad de cualquier material o informaci\u00f3n contenida en ninguno de dichos hiperv\u00ednculos u otros sitios de Internet. Igualmente la inclusi\u00f3n de estas conexiones externas no implicar\u00e1 ning\u00fan tipo de asociaci\u00f3n, fusi\u00f3n o participaci\u00f3n con las entidades conectadas.<\/p>\n<h2 class=\"estilo-tit1\" style=\"text-align: justify;\">Derecho de exclusi\u00f3n<\/h2>\n<p style=\"text-align: justify;\"><span style=\"color: #3366ff;\"><strong>PESCA RIAS BAIXAS<\/strong><\/span> se reserva el derecho a denegar o retirar el acceso a portal y\/o los servicios ofrecidos sin necesidad de preaviso, a instancia propia o de un tercero, a aquellos usuarios que incumplan las Condiciones Generales de Uso.<\/p>\n<h2 class=\"estilo-tit1\" style=\"text-align: justify;\">Generalidades<\/h2>\n<p style=\"text-align: justify;\"><span style=\"color: #3366ff;\"><strong>PESCA RIAS BAIXAS<\/strong><\/span> perseguir\u00e1 el incumplimiento de las condiciones as\u00ed como cualquier utilizaci\u00f3n indebida de su portal ejerciendo todas las acciones civiles y penales que le puedan corresponder en derecho.<\/p>\n<h2 class=\"estilo-tit1\" style=\"text-align: justify;\">Modificaci\u00f3n de las presentes condiciones y duraci\u00f3n<\/h2>\n<p style=\"text-align: justify;\"><span style=\"color: #3366ff;\"><strong>PESCA RIAS BAIXAS<\/strong><\/span> podr\u00e1 modificar en cualquier momento las condiciones aqu\u00ed determinadas, siendo debidamente publicadas como aqu\u00ed aparecen.<\/p>\n<h2 class=\"estilo-tit1\" style=\"text-align: justify;\">Legislaci\u00f3n aplicable y jurisdicci\u00f3n<\/h2>\n<p style=\"text-align: justify;\">La relaci\u00f3n entre <span style=\"color: #3366ff;\"><strong>PESCA RIAS BAIXAS<\/strong>\u00a0<\/span>y el USUARIO se regir\u00e1 por la normativa espa\u00f1ola vigente y cualquier controversia se someter\u00e1 a los Juzgados y Tribunales espa\u00f1oles.<\/p>\n<p style=\"text-align: justify;\">Resoluci\u00f3n de litigios en l\u00ednea en materia de consumo conforme al Art. 14.1 del Reglamento (UE) 524\/2013: La Comisi\u00f3n Europea facilita una plataforma de resoluci\u00f3n de litigios en l\u00ednea que se encuentra disponible en el siguiente enlace: <a href=\"http:\/\/ec.europa.eu\/consumers\/odr\/\" target=\"_blank\" rel=\"noopener\">http:\/\/ec.europa.eu\/consumers\/odr\/<\/a>.<\/p>\n<p>&nbsp;<\/p>\n","protected":false},"excerpt":{"rendered":"<p>Datos identificativos En cumplimiento con el deber de informaci\u00f3n recogido en art\u00edculo 10 de la Ley 34\/2002, de 11 de julio, de Servicios de la Sociedad de la Informaci\u00f3n y del Comercio Electr\u00f3nico,le informamos: VICTOR CID ARAUJO\u00a0(en adelante, PESCA RIAS BAIXAS) es una empresa dedicada a la venta de\u00a0Materiales para la pesca. PESCA RIAS BAIXAS [&hellip;]<\/p>\n","protected":false},"author":8,"featured_media":0,"parent":0,"menu_order":0,"comment_status":"closed","ping_status":"closed","template":"","meta":{"site-sidebar-layout":"default","site-content-layout":"","ast-site-content-layout":"default","site-content-style":"default","site-sidebar-style":"default","ast-global-header-display":"","ast-banner-title-visibility":"","ast-main-header-display":"","ast-hfb-above-header-display":"","ast-hfb-below-header-display":"","ast-hfb-mobile-header-display":"","site-post-title":"","ast-breadcrumbs-content":"","ast-featured-img":"","footer-sml-layout":"","ast-disable-related-posts":"","theme-transparent-header-meta":"","adv-header-id-meta":"","stick-header-meta":"","header-above-stick-meta":"","header-main-stick-meta":"","header-below-stick-meta":"","astra-migrate-meta-layouts":"default","ast-page-background-enabled":"default","ast-page-background-meta":{"desktop":{"background-color":"var(--ast-global-color-4)","background-image":"","background-repeat":"repeat","background-position":"center center","background-size":"auto","background-attachment":"scroll","background-type":"","background-media":"","overlay-type":"","overlay-color":"","overlay-opacity":"","overlay-gradient":""},"tablet":{"background-color":"","background-image":"","background-repeat":"repeat","background-position":"center center","background-size":"auto","background-attachment":"scroll","background-type":"","background-media":"","overlay-type":"","overlay-color":"","overlay-opacity":"","overlay-gradient":""},"mobile":{"background-color":"","background-image":"","background-repeat":"repeat","background-position":"center center","background-size":"auto","background-attachment":"scroll","background-type":"","background-media":"","overlay-type":"","overlay-color":"","overlay-opacity":"","overlay-gradient":""}},"ast-content-background-meta":{"desktop":{"background-color":"var(--ast-global-color-5)","background-image":"","background-repeat":"repeat","background-position":"center center","background-size":"auto","background-attachment":"scroll","background-type":"","background-media":"","overlay-type":"","overlay-color":"","overlay-opacity":"","overlay-gradient":""},"tablet":{"background-color":"var(--ast-global-color-5)","background-image":"","background-repeat":"repeat","background-position":"center center","background-size":"auto","background-attachment":"scroll","background-type":"","background-media":"","overlay-type":"","overlay-color":"","overlay-opacity":"","overlay-gradient":""},"mobile":{"background-color":"var(--ast-global-color-5)","background-image":"","background-repeat":"repeat","background-position":"center center","background-size":"auto","background-attachment":"scroll","background-type":"","background-media":"","overlay-type":"","overlay-color":"","overlay-opacity":"","overlay-gradient":""}},"footnotes":""},"class_list":["post-3679","page","type-page","status-publish","hentry"],"_links":{"self":[{"href":"https:\/\/ontyche.net\/clientes\/backuppesca\/wp-json\/wp\/v2\/pages\/3679","targetHints":{"allow":["GET"]}}],"collection":[{"href":"https:\/\/ontyche.net\/clientes\/backuppesca\/wp-json\/wp\/v2\/pages"}],"about":[{"href":"https:\/\/ontyche.net\/clientes\/backuppesca\/wp-json\/wp\/v2\/types\/page"}],"author":[{"embeddable":true,"href":"https:\/\/ontyche.net\/clientes\/backuppesca\/wp-json\/wp\/v2\/users\/8"}],"replies":[{"embeddable":true,"href":"https:\/\/ontyche.net\/clientes\/backuppesca\/wp-json\/wp\/v2\/comments?post=3679"}],"version-history":[{"count":0,"href":"https:\/\/ontyche.net\/clientes\/backuppesca\/wp-json\/wp\/v2\/pages\/3679\/revisions"}],"wp:attachment":[{"href":"https:\/\/ontyche.net\/clientes\/backuppesca\/wp-json\/wp\/v2\/media?parent=3679"}],"curies":[{"name":"wp","href":"https:\/\/api.w.org\/{rel}","templated":true}]}}