{"id":5733,"date":"2018-03-19T17:30:19","date_gmt":"2018-03-19T17:30:19","guid":{"rendered":"http:\/\/ontyche.net\/clientes\/backuppesca\/?page_id=5733"},"modified":"2022-01-28T07:22:31","modified_gmt":"2022-01-28T07:22:31","slug":"quienes-somos","status":"publish","type":"page","link":"https:\/\/ontyche.net\/clientes\/backuppesca\/quienes-somos\/","title":{"rendered":"Quienes Somos"},"content":{"rendered":"\t\t<div data-elementor-type=\"wp-page\" data-elementor-id=\"5733\" class=\"elementor elementor-5733\">\n\t\t\t\t\t\t<section class=\"elementor-section elementor-top-section elementor-element elementor-element-4070cb9c elementor-section-stretched elementor-section-boxed elementor-section-height-default elementor-section-height-default\" data-id=\"4070cb9c\" data-element_type=\"section\" data-settings=\"{&quot;stretch_section&quot;:&quot;section-stretched&quot;}\">\n\t\t\t\t\t\t<div class=\"elementor-container elementor-column-gap-default\">\n\t\t\t\t\t<div class=\"elementor-column elementor-col-50 elementor-top-column elementor-element elementor-element-1c820942\" data-id=\"1c820942\" data-element_type=\"column\">\n\t\t\t<div class=\"elementor-widget-wrap elementor-element-populated\">\n\t\t\t\t\t\t<div class=\"elementor-element elementor-element-1af55c4 elementor-widget elementor-widget-image\" data-id=\"1af55c4\" data-element_type=\"widget\" data-widget_type=\"image.default\">\n\t\t\t\t<div class=\"elementor-widget-container\">\n\t\t\t\t\t\t\t\t\t\t\t\t\t\t\t<img fetchpriority=\"high\" decoding=\"async\" width=\"500\" height=\"520\" src=\"https:\/\/ontyche.net\/clientes\/backuppesca\/wp-content\/uploads\/2022\/01\/Logo-Pesca-Rias-Baixas1-e1521480997408.jpg\" class=\"attachment-large size-large wp-image-14535\" alt=\"\" srcset=\"https:\/\/ontyche.net\/clientes\/backuppesca\/wp-content\/uploads\/2022\/01\/Logo-Pesca-Rias-Baixas1-e1521480997408.jpg 500w, https:\/\/ontyche.net\/clientes\/backuppesca\/wp-content\/uploads\/2022\/01\/Logo-Pesca-Rias-Baixas1-e1521480997408-64x67.jpg 64w, https:\/\/ontyche.net\/clientes\/backuppesca\/wp-content\/uploads\/2022\/01\/Logo-Pesca-Rias-Baixas1-e1521480997408-330x343.jpg 330w\" sizes=\"(max-width: 500px) 100vw, 500px\" \/>\t\t\t\t\t\t\t\t\t\t\t\t\t\t\t<\/div>\n\t\t\t\t<\/div>\n\t\t\t\t<div class=\"elementor-element elementor-element-2764db4a elementor-widget elementor-widget-text-editor\" data-id=\"2764db4a\" data-element_type=\"widget\" data-widget_type=\"text-editor.default\">\n\t\t\t\t<div class=\"elementor-widget-container\">\n\t\t\t\t\t\t\t\t\t<p>\u00a0<\/p><p style=\"text-align: justify\">Pesca Rias Baixas nace en el a\u00f1o 2014 en la ciudad de Vigo, con el compromiso de satisfacer de la mejor manera posible las necesidades de nuestros clientes.<\/p><p style=\"text-align: justify\">Contamos con m\u00e1s de 80 metros cuadrados de exposici\u00f3n, en los cuales contamos con m\u00e1s de 3000 referencias distintas. (<a href=\"http:\/\/ontyche.net\/clientes\/backuppesca\/producto\/botas-de-vadeo-simms-freestone-suela-de-fieltro\/\">Botas<\/a>, anzuelos, ca\u00f1as, cucharillas, plomos, etc.)<\/p><p style=\"text-align: justify\">Nuestra pasi\u00f3n es la pesca deportiva, la practicamos e intentamos transmitir nuestros conocimientos y experiencias\u00a0 con nuestros clientes, aprendiendo cada d\u00eda de ellos para dar el asesoramiento m\u00e1s completo posible.<\/p><p style=\"text-align: justify\">Este portal web pretende ser una ventana para todo aquel que tenga dudas sobre cualquier tema que abarca la pesca deportiva.<\/p><p style=\"text-align: justify\">Deseamos y esperamos que la web sea de su agrado y estamos abiertos a cualquier consejo o opini\u00f3n para mejorar nuestros servicios.<\/p><p style=\"text-align: justify\">Atentamente\u00a0<b><i>V\u00edctor Cid<\/i><\/b>\u00a0Socio Fundador<\/p><p>\u00a0<\/p>\t\t\t\t\t\t\t\t<\/div>\n\t\t\t\t<\/div>\n\t\t\t\t\t<\/div>\n\t\t<\/div>\n\t\t\t\t<div class=\"elementor-column elementor-col-50 elementor-top-column elementor-element elementor-element-56f517a\" data-id=\"56f517a\" data-element_type=\"column\">\n\t\t\t<div class=\"elementor-widget-wrap elementor-element-populated\">\n\t\t\t\t\t\t<div class=\"elementor-element elementor-element-6b99e8a elementor-widget elementor-widget-image\" data-id=\"6b99e8a\" data-element_type=\"widget\" data-widget_type=\"image.default\">\n\t\t\t\t<div class=\"elementor-widget-container\">\n\t\t\t\t\t\t\t\t\t\t\t\t\t\t\t<img decoding=\"async\" width=\"1024\" height=\"683\" src=\"https:\/\/ontyche.net\/clientes\/backuppesca\/wp-content\/uploads\/2022\/01\/MG_3498-Copiar-1024x683-1.jpg\" class=\"attachment-large size-large wp-image-14536\" alt=\"\" srcset=\"https:\/\/ontyche.net\/clientes\/backuppesca\/wp-content\/uploads\/2022\/01\/MG_3498-Copiar-1024x683-1.jpg 1024w, https:\/\/ontyche.net\/clientes\/backuppesca\/wp-content\/uploads\/2022\/01\/MG_3498-Copiar-1024x683-1-600x400.jpg 600w, https:\/\/ontyche.net\/clientes\/backuppesca\/wp-content\/uploads\/2022\/01\/MG_3498-Copiar-1024x683-1-64x43.jpg 64w, https:\/\/ontyche.net\/clientes\/backuppesca\/wp-content\/uploads\/2022\/01\/MG_3498-Copiar-1024x683-1-768x512.jpg 768w\" sizes=\"(max-width: 1024px) 100vw, 1024px\" \/>\t\t\t\t\t\t\t\t\t\t\t\t\t\t\t<\/div>\n\t\t\t\t<\/div>\n\t\t\t\t<div class=\"elementor-element elementor-element-4650027 elementor-widget elementor-widget-image\" data-id=\"4650027\" data-element_type=\"widget\" data-widget_type=\"image.default\">\n\t\t\t\t<div class=\"elementor-widget-container\">\n\t\t\t\t\t\t\t\t\t\t\t\t\t\t\t<img decoding=\"async\" width=\"1024\" height=\"683\" src=\"https:\/\/ontyche.net\/clientes\/backuppesca\/wp-content\/uploads\/2022\/01\/MG_3499-Copiar-1024x683-1.jpg\" class=\"attachment-large size-large wp-image-14537\" alt=\"\" srcset=\"https:\/\/ontyche.net\/clientes\/backuppesca\/wp-content\/uploads\/2022\/01\/MG_3499-Copiar-1024x683-1.jpg 1024w, https:\/\/ontyche.net\/clientes\/backuppesca\/wp-content\/uploads\/2022\/01\/MG_3499-Copiar-1024x683-1-600x400.jpg 600w, https:\/\/ontyche.net\/clientes\/backuppesca\/wp-content\/uploads\/2022\/01\/MG_3499-Copiar-1024x683-1-64x43.jpg 64w, https:\/\/ontyche.net\/clientes\/backuppesca\/wp-content\/uploads\/2022\/01\/MG_3499-Copiar-1024x683-1-768x512.jpg 768w\" sizes=\"(max-width: 1024px) 100vw, 1024px\" \/>\t\t\t\t\t\t\t\t\t\t\t\t\t\t\t<\/div>\n\t\t\t\t<\/div>\n\t\t\t\t<div class=\"elementor-element elementor-element-c402043 elementor-widget elementor-widget-image\" data-id=\"c402043\" data-element_type=\"widget\" data-widget_type=\"image.default\">\n\t\t\t\t<div class=\"elementor-widget-container\">\n\t\t\t\t\t\t\t\t\t\t\t\t\t\t\t<img loading=\"lazy\" decoding=\"async\" width=\"1024\" height=\"665\" src=\"https:\/\/ontyche.net\/clientes\/backuppesca\/wp-content\/uploads\/2022\/01\/MG_3508-Copiar-1024x665-1.jpg\" class=\"attachment-large size-large wp-image-14538\" alt=\"\" srcset=\"https:\/\/ontyche.net\/clientes\/backuppesca\/wp-content\/uploads\/2022\/01\/MG_3508-Copiar-1024x665-1.jpg 1024w, https:\/\/ontyche.net\/clientes\/backuppesca\/wp-content\/uploads\/2022\/01\/MG_3508-Copiar-1024x665-1-600x390.jpg 600w, https:\/\/ontyche.net\/clientes\/backuppesca\/wp-content\/uploads\/2022\/01\/MG_3508-Copiar-1024x665-1-64x42.jpg 64w, https:\/\/ontyche.net\/clientes\/backuppesca\/wp-content\/uploads\/2022\/01\/MG_3508-Copiar-1024x665-1-768x499.jpg 768w\" sizes=\"(max-width: 1024px) 100vw, 1024px\" \/>\t\t\t\t\t\t\t\t\t\t\t\t\t\t\t<\/div>\n\t\t\t\t<\/div>\n\t\t\t\t\t<\/div>\n\t\t<\/div>\n\t\t\t\t\t<\/div>\n\t\t<\/section>\n\t\t\t\t<\/div>\n\t\t","protected":false},"excerpt":{"rendered":"<p>\u00a0 Pesca Rias Baixas nace en el a\u00f1o 2014 en la ciudad de Vigo, con el compromiso de satisfacer de la mejor manera posible las necesidades de nuestros clientes. Contamos con m\u00e1s de 80 metros cuadrados de exposici\u00f3n, en los cuales contamos con m\u00e1s de 3000 referencias distintas. (Botas, anzuelos, ca\u00f1as, cucharillas, plomos, etc.) Nuestra [&hellip;]<\/p>\n","protected":false},"author":8,"featured_media":0,"parent":0,"menu_order":0,"comment_status":"closed","ping_status":"closed","template":"","meta":{"site-sidebar-layout":"no-sidebar","site-content-layout":"plain-container","ast-site-content-layout":"default","site-content-style":"default","site-sidebar-style":"default","ast-global-header-display":"","ast-banner-title-visibility":"","ast-main-header-display":"","ast-hfb-above-header-display":"","ast-hfb-below-header-display":"","ast-hfb-mobile-header-display":"","site-post-title":"","ast-breadcrumbs-content":"","ast-featured-img":"","footer-sml-layout":"","ast-disable-related-posts":"","theme-transparent-header-meta":"","adv-header-id-meta":"","stick-header-meta":"","header-above-stick-meta":"","header-main-stick-meta":"","header-below-stick-meta":"","astra-migrate-meta-layouts":"default","ast-page-background-enabled":"default","ast-page-background-meta":{"desktop":{"background-color":"var(--ast-global-color-4)","background-image":"","background-repeat":"repeat","background-position":"center center","background-size":"auto","background-attachment":"scroll","background-type":"","background-media":"","overlay-type":"","overlay-color":"","overlay-opacity":"","overlay-gradient":""},"tablet":{"background-color":"","background-image":"","background-repeat":"repeat","background-position":"center center","background-size":"auto","background-attachment":"scroll","background-type":"","background-media":"","overlay-type":"","overlay-color":"","overlay-opacity":"","overlay-gradient":""},"mobile":{"background-color":"","background-image":"","background-repeat":"repeat","background-position":"center center","background-size":"auto","background-attachment":"scroll","background-type":"","background-media":"","overlay-type":"","overlay-color":"","overlay-opacity":"","overlay-gradient":""}},"ast-content-background-meta":{"desktop":{"background-color":"var(--ast-global-color-5)","background-image":"","background-repeat":"repeat","background-position":"center center","background-size":"auto","background-attachment":"scroll","background-type":"","background-media":"","overlay-type":"","overlay-color":"","overlay-opacity":"","overlay-gradient":""},"tablet":{"background-color":"var(--ast-global-color-5)","background-image":"","background-repeat":"repeat","background-position":"center center","background-size":"auto","background-attachment":"scroll","background-type":"","background-media":"","overlay-type":"","overlay-color":"","overlay-opacity":"","overlay-gradient":""},"mobile":{"background-color":"var(--ast-global-color-5)","background-image":"","background-repeat":"repeat","background-position":"center center","background-size":"auto","background-attachment":"scroll","background-type":"","background-media":"","overlay-type":"","overlay-color":"","overlay-opacity":"","overlay-gradient":""}},"footnotes":""},"class_list":["post-5733","page","type-page","status-publish","hentry"],"_links":{"self":[{"href":"https:\/\/ontyche.net\/clientes\/backuppesca\/wp-json\/wp\/v2\/pages\/5733","targetHints":{"allow":["GET"]}}],"collection":[{"href":"https:\/\/ontyche.net\/clientes\/backuppesca\/wp-json\/wp\/v2\/pages"}],"about":[{"href":"https:\/\/ontyche.net\/clientes\/backuppesca\/wp-json\/wp\/v2\/types\/page"}],"author":[{"embeddable":true,"href":"https:\/\/ontyche.net\/clientes\/backuppesca\/wp-json\/wp\/v2\/users\/8"}],"replies":[{"embeddable":true,"href":"https:\/\/ontyche.net\/clientes\/backuppesca\/wp-json\/wp\/v2\/comments?post=5733"}],"version-history":[{"count":0,"href":"https:\/\/ontyche.net\/clientes\/backuppesca\/wp-json\/wp\/v2\/pages\/5733\/revisions"}],"wp:attachment":[{"href":"https:\/\/ontyche.net\/clientes\/backuppesca\/wp-json\/wp\/v2\/media?parent=5733"}],"curies":[{"name":"wp","href":"https:\/\/api.w.org\/{rel}","templated":true}]}}