{"id":10960,"date":"2020-09-09T16:28:59","date_gmt":"2020-09-09T16:28:59","guid":{"rendered":"http:\/\/ontyche.net\/clientes\/backuppesca\/?post_type=product&#038;p=10960"},"modified":"2025-05-17T17:53:35","modified_gmt":"2025-05-17T17:53:35","slug":"ima-pugachevs-cobra-90-g-point","status":"publish","type":"product","link":"https:\/\/ontyche.net\/clientes\/backuppesca\/producto\/ima-pugachevs-cobra-90-g-point\/","title":{"rendered":"IMA Pugachev\u00b4s Cobra 90 G-Point"},"content":{"rendered":"<p><b><em>El se\u00f1uelo de superficie para la pesca a spinning <a href=\"http:\/\/ontyche.net\/clientes\/backuppesca\/brand\/ima\/\">IMA<\/a> Pugachev\u00b4s Cobra <strong> G-Point<\/strong><\/em><\/b>,\u00a0 es un peque\u00f1o paseante que destaca por su alegre movimiento y gran capacidad de lance.<\/p>\n<p>La marca Japonesa IMA posee una m\u00e1s que reconocida reputaci\u00f3n entre los pescadores de todo el mundo por sus mimados dise\u00f1os que los hacen \u00fanicos en el mercado de la pesca con se\u00f1uelos artificiales.<\/p>\n<p>Este se\u00f1uelo nos brinda un cl\u00e1sico contoneo lateral y un cerrado zig-zagueo r\u00e1pido lo que le dota de una extremada naturalidad, imitando a la perfecci\u00f3n a un peque\u00f1o pez en apuros. Este movimiento es f\u00e1cil de conseguir, con peque\u00f1os toques de mu\u00f1eca mientras recogemos nuestra linea, lo que lo hace ser un paseante adaptado para cualquier tipo de pescador, ya este inici\u00e1ndose o sea una persona muy experimentada.<\/p>\n<p>Esta especialmente dise\u00f1ado para la captura de depredadores siendo principalmente la lubina el pez para el que est\u00e1 pensado. Ha sido concebido para descansar en la superficie marina y permitir f\u00e1cilmente a nuestra captura tragar el enga\u00f1o sin fallar apenas en el ataque.<\/p>\n<p>Es un paseante que carece de rattlin lo que ayuda a ser m\u00e1s efectivo en zonas donde los peces tienen una gran presi\u00f3n pesquera, siendo as\u00ed una muestra de lo mas realista posible.<\/p>\n<p>Gracias a sus 12 gramos de peso nos permitir\u00e1 realizar grandes lances, llegando a lugares que otro tipo de se\u00f1uelos no nos permitir\u00edan alcanzar.<\/p>\n<p>Un se\u00f1uelo de una calidad incre\u00edble, que nos har\u00e1 disfrutar de nuestras jornadas de pesca a spinning en zonas pedregosas de muy poco calado y zonas de aguas interiores y de r\u00eda con unos resultados incre\u00edbles.<\/p>\n<h2>Ima pugachev&#8217;s cobra 90-Caracter\u00edsticas T\u00e9cnicas:<\/h2>\n<ul>\n<li>Longitud: 90 mm<\/li>\n<li>Peso: 12 Gr.<\/li>\n<li>Color: G-Point<\/li>\n<li>Nataci\u00f3n: Superficie.<\/li>\n<\/ul>\n","protected":false},"excerpt":{"rendered":"<p><em><strong>IMA Pugachev\u00b4s Cobra:<\/strong><\/em><\/p>\n<p><strong>Longitud: 90 mm<\/strong><\/p>\n<p><strong>Peso: 12 Gr.<\/strong><\/p>\n<p><strong>Color: G-Point<\/strong><\/p>\n<p><strong>Nataci\u00f3n: Superficie.<\/strong><\/p>\n","protected":false},"featured_media":10961,"template":"","meta":{"site-sidebar-layout":"default","site-content-layout":"","ast-site-content-layout":"default","site-content-style":"default","site-sidebar-style":"default","ast-global-header-display":"","ast-banner-title-visibility":"","ast-main-header-display":"","ast-hfb-above-header-display":"","ast-hfb-below-header-display":"","ast-hfb-mobile-header-display":"","site-post-title":"","ast-breadcrumbs-content":"","ast-featured-img":"","footer-sml-layout":"","ast-disable-related-posts":"","theme-transparent-header-meta":"","adv-header-id-meta":"","stick-header-meta":"","header-above-stick-meta":"","header-main-stick-meta":"","header-below-stick-meta":"","astra-migrate-meta-layouts":"default","ast-page-background-enabled":"default","ast-page-background-meta":{"desktop":{"background-color":"var(--ast-global-color-4)","background-image":"","background-repeat":"repeat","background-position":"center center","background-size":"auto","background-attachment":"scroll","background-type":"","background-media":"","overlay-type":"","overlay-color":"","overlay-opacity":"","overlay-gradient":""},"tablet":{"background-color":"","background-image":"","background-repeat":"repeat","background-position":"center center","background-size":"auto","background-attachment":"scroll","background-type":"","background-media":"","overlay-type":"","overlay-color":"","overlay-opacity":"","overlay-gradient":""},"mobile":{"background-color":"","background-image":"","background-repeat":"repeat","background-position":"center center","background-size":"auto","background-attachment":"scroll","background-type":"","background-media":"","overlay-type":"","overlay-color":"","overlay-opacity":"","overlay-gradient":""}},"ast-content-background-meta":{"desktop":{"background-color":"var(--ast-global-color-5)","background-image":"","background-repeat":"repeat","background-position":"center center","background-size":"auto","background-attachment":"scroll","background-type":"","background-media":"","overlay-type":"","overlay-color":"","overlay-opacity":"","overlay-gradient":""},"tablet":{"background-color":"var(--ast-global-color-5)","background-image":"","background-repeat":"repeat","background-position":"center center","background-size":"auto","background-attachment":"scroll","background-type":"","background-media":"","overlay-type":"","overlay-color":"","overlay-opacity":"","overlay-gradient":""},"mobile":{"background-color":"var(--ast-global-color-5)","background-image":"","background-repeat":"repeat","background-position":"center center","background-size":"auto","background-attachment":"scroll","background-type":"","background-media":"","overlay-type":"","overlay-color":"","overlay-opacity":"","overlay-gradient":""}}},"product_brand":[468],"product_cat":[90],"product_tag":[],"class_list":{"0":"post-10960","1":"product","2":"type-product","3":"status-publish","4":"has-post-thumbnail","6":"product_brand-ima","7":"product_cat-paseante","8":"desktop-align-left","9":"tablet-align-left","10":"mobile-align-left","11":"ast-product-gallery-layout-horizontal","12":"ast-product-tabs-layout-accordion","14":"first","15":"outofstock","16":"taxable","17":"shipping-taxable","18":"purchasable","19":"product-type-simple"},"_links":{"self":[{"href":"https:\/\/ontyche.net\/clientes\/backuppesca\/wp-json\/wp\/v2\/product\/10960","targetHints":{"allow":["GET"]}}],"collection":[{"href":"https:\/\/ontyche.net\/clientes\/backuppesca\/wp-json\/wp\/v2\/product"}],"about":[{"href":"https:\/\/ontyche.net\/clientes\/backuppesca\/wp-json\/wp\/v2\/types\/product"}],"version-history":[{"count":0,"href":"https:\/\/ontyche.net\/clientes\/backuppesca\/wp-json\/wp\/v2\/product\/10960\/revisions"}],"wp:featuredmedia":[{"embeddable":true,"href":"https:\/\/ontyche.net\/clientes\/backuppesca\/wp-json\/wp\/v2\/media\/10961"}],"wp:attachment":[{"href":"https:\/\/ontyche.net\/clientes\/backuppesca\/wp-json\/wp\/v2\/media?parent=10960"}],"wp:term":[{"taxonomy":"product_brand","embeddable":true,"href":"https:\/\/ontyche.net\/clientes\/backuppesca\/wp-json\/wp\/v2\/product_brand?post=10960"},{"taxonomy":"product_cat","embeddable":true,"href":"https:\/\/ontyche.net\/clientes\/backuppesca\/wp-json\/wp\/v2\/product_cat?post=10960"},{"taxonomy":"product_tag","embeddable":true,"href":"https:\/\/ontyche.net\/clientes\/backuppesca\/wp-json\/wp\/v2\/product_tag?post=10960"}],"curies":[{"name":"wp","href":"https:\/\/api.w.org\/{rel}","templated":true}]}}