{"id":7405,"date":"2018-12-28T12:31:53","date_gmt":"2018-12-28T12:31:53","guid":{"rendered":"http:\/\/ontyche.net\/clientes\/backuppesca\/?post_type=product&#038;p=7405"},"modified":"2022-12-22T09:42:32","modified_gmt":"2022-12-22T09:42:32","slug":"botas-de-vadeo-simms-freestone-suela-de-fieltro","status":"publish","type":"product","link":"https:\/\/ontyche.net\/clientes\/backuppesca\/producto\/botas-de-vadeo-simms-freestone-suela-de-fieltro\/","title":{"rendered":"Botas de Vadeo Simms Freestone Suela de Fieltro"},"content":{"rendered":"<p><em><strong><dfn>Las botas para vadear Simms Freestone<\/dfn><\/strong><\/em>, son quiz\u00e1s las mejores botas para usar con nuestros vadeadores y trajes de neopreno para la pesca desde orilla, ya sea en el mar o en el r\u00edo.<\/p>\n<h2>\u00bfC\u00f3mo est\u00e1n fabricadas las Vadeo Simms?<\/h2>\n<p>Estas botas est\u00e1n fabricadas en piel sint\u00e9tica con una gran resistencia a roces contra piedras y cualquier tipo de superficie rugosas, evitando su rotura y la perfecta protecci\u00f3n de nuestros pies en todo momento. Cuentan adem\u00e1s con protecciones en la puntera de la bota y en el tal\u00f3n para aumentar la vida \u00fatil de la bota y proteger tanto el tal\u00f3n del pie como los dedos ante un golpe. Este modelo vienen dotadas con una suela de fieltro para conseguir mas grip sobre cualquier tipo de suelo, a la cual se le pueden adaptar clavos de tungsteno aumentando aun m\u00e1s el agarre en las superficies m\u00e1s extremas.<\/p>\n<h2>\u00bfPara qu\u00e9 tipo de pesca est\u00e1n hechas las Botas de Vadeo Simms?<\/h2>\n<p>Son unas botas que destacan por adaptarse a todo tipo de superficies, donde el agarre, gracias al fieltro, es imprescindible para evitar posibles ca\u00eddas producidos por patinar en terrenos resbaladizos.<\/p>\n<p>Han sido dise\u00f1adas y usadas desde m\u00e1s de 15 a\u00f1os por <em>pescadores de mosca<\/em> con unos excelentes resultados tanto de agarre como durabilidad, situ\u00e1ndose como los n\u00famero uno en ventas a nivel mundial. Los \u00faltimos a\u00f1os han sido usadas por <em>pescadores de spinning marino<\/em> consiguiendo excelentes resultados tanto en agarre como en durabilidad aun en las peores condiciones de salinidad producidas por el mar.<\/p>\n<p><em>Sin duda las mejores botas calidad precio del mercado, siendo un arma infalible para evitar posibles lesiones y ca\u00eddas en nuestras jornadas de pesca. Si buscas un calzado duradero y con un perfecto agarre hasta en las peores superficies, las <q cite=\"https:\/\/www.simmsfishing.com\/shop\/mens\/wading-boots\">Simms Freestone<\/q> son tus botas.<\/em><\/p>\n<h2>V\u00eddeo de las Simms Freestone<\/h2>\n<p><iframe title=\"Simms Freestone Boot English\" width=\"500\" height=\"281\" src=\"https:\/\/www.youtube.com\/embed\/qlh1vlY-07Q?feature=oembed\" frameborder=\"0\" allow=\"accelerometer; autoplay; clipboard-write; encrypted-media; gyroscope; picture-in-picture; web-share\" referrerpolicy=\"strict-origin-when-cross-origin\" allowfullscreen><\/iframe><\/p>\n<h2>\u00bfQu\u00e9 talla de bota escoger?<\/h2>\n<p>Las botas de vadeo deben quedar ajustadas pero sin pasarse. Para ello hay que tener en cuenta el grosor del calcet\u00edn de neopreno del vadeador de <q cite=\"https:\/\/es.wikipedia.org\/wiki\/Pesca_con_mosca\">pesca a mosca<\/q>. Si te gusta llevar las botas muy justas, en este caso, deber\u00e1s tener en cuenta este ajuste y, ya que a la hora de pescar solemos caminar entre piedras, tu pi\u00e9 se deslizar\u00e1 hacia adelante o hacia atr\u00e1s. Si escoges una bota muy ajustada terminar\u00e1 da\u00f1ando tus dedos.<\/p>\n<h2>Caracter\u00edsticas de las Bota<\/h2>\n<ul>\n<li>Se trata de unas botas que se definen por su durabilidad y calidad.<\/li>\n<li>Dispone de suela de fieltro de 12 mm sobre plataforma StreamTread \u2122.<\/li>\n<li>El interior es parcial de neopreno lo que supone una mayor comodidad<\/li>\n<li>Para simplificar su uso se ha creado con una leng\u00fceta grande que facilita la entrad y salida del pie.<\/li>\n<li>Los cordones son de nylon de alta calidad para un atado r\u00e1pido y seguro.<\/li>\n<li>Para drenar la salida del agua se ha fabricado con orificios de salida del agua.<\/li>\n<\/ul>\n<h2>Opiniones<\/h2>\n<p>Es conocido que uno de los mayores problemas de todo pescador a mosca son vadeador y botas. Por ello aunar durabilidad, calidad y comodidad en una bota, y a precio competitivo, se antoja dif\u00edcil. En este caso se puden observar distintas opiniones al respecto pero la mayor\u00eda coincide en que se trata de una bota que cumple en muchos de estos requerimientos.<\/p>\n<h2>La mejor Bota de Vadeo<\/h2>\n<p><mark>Nuestra opini\u00f3n es que estas Freestone de de Simms son muy c\u00f3modas, ligeras, con buen desag\u00fce, de buen ajuste, con cordones de mucha calidad y muy amoldables al pie. Es decir, no podemos decir que sea la mejor bota del mercado -que quiz\u00e1s sea as\u00ed- pero si podemos decir que es una compra segura.<\/mark><\/p>\n","protected":false},"excerpt":{"rendered":"<p>Simms Freestone, botas para la pesca de excelente relaci\u00f3n calidad precio siendo las n\u00famero uno en ventas a nivel mundial.<\/p>\n","protected":false},"featured_media":7406,"template":"","meta":{"site-sidebar-layout":"default","site-content-layout":"","ast-site-content-layout":"default","site-content-style":"default","site-sidebar-style":"default","ast-global-header-display":"","ast-banner-title-visibility":"","ast-main-header-display":"","ast-hfb-above-header-display":"","ast-hfb-below-header-display":"","ast-hfb-mobile-header-display":"","site-post-title":"","ast-breadcrumbs-content":"","ast-featured-img":"","footer-sml-layout":"","ast-disable-related-posts":"","theme-transparent-header-meta":"","adv-header-id-meta":"","stick-header-meta":"","header-above-stick-meta":"","header-main-stick-meta":"","header-below-stick-meta":"","astra-migrate-meta-layouts":"default","ast-page-background-enabled":"default","ast-page-background-meta":{"desktop":{"background-color":"var(--ast-global-color-4)","background-image":"","background-repeat":"repeat","background-position":"center center","background-size":"auto","background-attachment":"scroll","background-type":"","background-media":"","overlay-type":"","overlay-color":"","overlay-opacity":"","overlay-gradient":""},"tablet":{"background-color":"","background-image":"","background-repeat":"repeat","background-position":"center center","background-size":"auto","background-attachment":"scroll","background-type":"","background-media":"","overlay-type":"","overlay-color":"","overlay-opacity":"","overlay-gradient":""},"mobile":{"background-color":"","background-image":"","background-repeat":"repeat","background-position":"center center","background-size":"auto","background-attachment":"scroll","background-type":"","background-media":"","overlay-type":"","overlay-color":"","overlay-opacity":"","overlay-gradient":""}},"ast-content-background-meta":{"desktop":{"background-color":"var(--ast-global-color-5)","background-image":"","background-repeat":"repeat","background-position":"center center","background-size":"auto","background-attachment":"scroll","background-type":"","background-media":"","overlay-type":"","overlay-color":"","overlay-opacity":"","overlay-gradient":""},"tablet":{"background-color":"var(--ast-global-color-5)","background-image":"","background-repeat":"repeat","background-position":"center center","background-size":"auto","background-attachment":"scroll","background-type":"","background-media":"","overlay-type":"","overlay-color":"","overlay-opacity":"","overlay-gradient":""},"mobile":{"background-color":"var(--ast-global-color-5)","background-image":"","background-repeat":"repeat","background-position":"center center","background-size":"auto","background-attachment":"scroll","background-type":"","background-media":"","overlay-type":"","overlay-color":"","overlay-opacity":"","overlay-gradient":""}}},"product_brand":[487],"product_cat":[145],"product_tag":[],"class_list":{"0":"post-7405","1":"product","2":"type-product","3":"status-publish","4":"has-post-thumbnail","6":"product_brand-simms","7":"product_cat-botas","8":"desktop-align-left","9":"tablet-align-left","10":"mobile-align-left","11":"ast-product-gallery-layout-horizontal","12":"ast-product-single-variable","13":"ast-product-tabs-layout-accordion","15":"first","16":"outofstock","17":"featured","18":"taxable","19":"shipping-taxable","20":"product-type-variable"},"_links":{"self":[{"href":"https:\/\/ontyche.net\/clientes\/backuppesca\/wp-json\/wp\/v2\/product\/7405","targetHints":{"allow":["GET"]}}],"collection":[{"href":"https:\/\/ontyche.net\/clientes\/backuppesca\/wp-json\/wp\/v2\/product"}],"about":[{"href":"https:\/\/ontyche.net\/clientes\/backuppesca\/wp-json\/wp\/v2\/types\/product"}],"version-history":[{"count":0,"href":"https:\/\/ontyche.net\/clientes\/backuppesca\/wp-json\/wp\/v2\/product\/7405\/revisions"}],"wp:featuredmedia":[{"embeddable":true,"href":"https:\/\/ontyche.net\/clientes\/backuppesca\/wp-json\/wp\/v2\/media\/7406"}],"wp:attachment":[{"href":"https:\/\/ontyche.net\/clientes\/backuppesca\/wp-json\/wp\/v2\/media?parent=7405"}],"wp:term":[{"taxonomy":"product_brand","embeddable":true,"href":"https:\/\/ontyche.net\/clientes\/backuppesca\/wp-json\/wp\/v2\/product_brand?post=7405"},{"taxonomy":"product_cat","embeddable":true,"href":"https:\/\/ontyche.net\/clientes\/backuppesca\/wp-json\/wp\/v2\/product_cat?post=7405"},{"taxonomy":"product_tag","embeddable":true,"href":"https:\/\/ontyche.net\/clientes\/backuppesca\/wp-json\/wp\/v2\/product_tag?post=7405"}],"curies":[{"name":"wp","href":"https:\/\/api.w.org\/{rel}","templated":true}]}}